{"id":104,"date":"2023-07-28T14:57:52","date_gmt":"2023-07-28T14:57:52","guid":{"rendered":"https:\/\/megapublicidad.net\/3.0\/?page_id=104"},"modified":"2023-10-16T14:29:47","modified_gmt":"2023-10-16T14:29:47","slug":"perfil-de-la-empresa","status":"publish","type":"page","link":"https:\/\/megapublicidad.net.pe\/3.0\/perfil-de-la-empresa\/","title":{"rendered":"Perfil de la Empresa"},"content":{"rendered":"<p><strong>Nombre de la empresa:<\/strong> Mega Publicidad<\/p>\n<p><strong>Eslogan:<\/strong> Tu Soluci\u00f3n Inteligente<\/p>\n<p><strong>Historia y antecedentes:<\/strong> Mega Publicidad comenz\u00f3 en 2016 como el departamento de servicios publicitarios de La Mega Tienda 3000 C.A. en La Victoria, Venezuela, fundada por Junior Gonzalez, Demi Perez y Pitter Vieira. En 2018, debido a la inestabilidad econ\u00f3mica del pa\u00eds, el proyecto se disolvi\u00f3. En marzo de 2020, en medio de la pandemia, Demi Perez y Pitter Vieira continuaron brindando servicios publicitarios bajo el nombre de Mega Publicidad, pero no fue sino hasta Agosto de ese a\u00f1o cuando se apertura el primer local en la ciudad de Ja\u00e9n, Per\u00fa. A principios de 2023, Demi Perez se desvincul\u00f3 de su participaci\u00f3n activa en Mega Publicidad, quedando Pitter Vieira como gerente general.<br \/>\nActualmente Mega Publicidad cuenta con un equipo de 5 colaboradores profesionales (y aumentando) y mas de 400 diferentes clientes satisfechos.<\/p>\n<p><strong>Descripci\u00f3n de productos\/servicios:<\/strong> Mega Publicidad ofrece una amplia gama de servicios, incluyendo:<\/p>\n<ul>\n<li>Fabricaci\u00f3n de letreros de alta gama.<\/li>\n<li>Servicios de imprenta.<\/li>\n<li>Dise\u00f1o de p\u00e1ginas web.<\/li>\n<li>Dise\u00f1o gr\u00e1fico.<\/li>\n<li>Gigantograf\u00edas.<\/li>\n<li>Gesti\u00f3n de redes sociales (Social manager).<\/li>\n<\/ul>\n<p><strong>P\u00fablico objetivo:<\/strong> Mega Publicidad atiende a emprendimientos, empresas establecidas y organizaciones que buscan soluciones publicitarias efectivas y de alta calidad.<\/p>\n<p><strong>Ubicaci\u00f3n y contacto:<\/strong><\/p>\n<ul>\n<li>Direcci\u00f3n: Calle Torre Tagle, Ja\u00e9n, Cajamarca, Per\u00fa.<\/li>\n<li>Tel\u00e9fono: +51 935965397<\/li>\n<li>Correo electr\u00f3nico: <a href=\"mailto:soluciones@megapublicidad.net\" target=\"_new\" rel=\"noopener\">soluciones@megapublicidad.net<\/a><\/li>\n<li>Sitio web: <a href=\"https:\/\/chat.openai.com\/c\/www.megapublicidad.net\" target=\"_new\" rel=\"noopener\">www.megapublicidad.net<\/a><\/li>\n<\/ul>\n<p><strong>Equipo y personal clave:<\/strong><\/p>\n<ul>\n<li>Pitter Vieira &#8211; Gerente General<\/li>\n<li>Sayra Neyra &#8211; Coordinador General<\/li>\n<li>Herney Mendoza &#8211; Coordinador de proyectos e instalaciones<\/li>\n<li>Angel Perez &#8211; Editor multimedia<\/li>\n<\/ul>\n<p><strong>Proyectos destacados:<\/strong> Nuestra dedicaci\u00f3n es del 100% con cada cliente; sin embargo, hemos tenido la oportunidad de trabajar en proyectos notables con clientes y marcas, incluyendo:<\/p>\n<ul>\n<li>Ferricenter Constructor SAC<\/li>\n<li>Maritere Izquierdo, Bodas y Eventos<\/li>\n<li>Grupo Bolivar Plaza (Galeria y Patio 83)<\/li>\n<li>Parics Inmobiliaria<\/li>\n<\/ul>\n<p>Adem\u00e1s, hemos tenido la oportunidad de ser proveedores directos de marcas nacionales e internacionales, como:<\/p>\n<ul>\n<li>Nicoll<\/li>\n<li>Dlirio<\/li>\n<li>Vistony<\/li>\n<\/ul>\n<p>Tambi\u00e9n hemos prestado servicios como terceros a empresas de renombre como:<\/p>\n<ul>\n<li>Colchones Para\u00edso<\/li>\n<li>Interbank<\/li>\n<li>WOM<\/li>\n<\/ul>\n<p><strong>Infraestructura:<\/strong> Actualmente, nuestras instalaciones cuentan con \u00e1reas espec\u00edficas para diferentes aspectos de nuestro negocio, incluyendo:<\/p>\n<ul>\n<li>\u00c1rea Creativa<\/li>\n<li>\u00c1rea de Soldadura y Estructuras<\/li>\n<li>Secci\u00f3n de Electr\u00f3nica y Electricidad<\/li>\n<li>Secci\u00f3n de Acabados<\/li>\n<li>Gerencia<\/li>\n<\/ul>\n<p>Estas \u00e1reas est\u00e1n distribuidas en un espacio de 80 metros cuadrados en dos niveles.<\/p>\n","protected":false},"excerpt":{"rendered":"<p>Nombre de la empresa: Mega Publicidad Eslogan: Tu Soluci\u00f3n Inteligente Historia y antecedentes: Mega Publicidad comenz\u00f3 en 2016 como el departamento de servicios publicitarios de La Mega Tienda 3000 C.A. en La Victoria, Venezuela, fundada por Junior Gonzalez, Demi Perez y Pitter Vieira. En 2018, debido a la inestabilidad econ\u00f3mica del pa\u00eds, el proyecto se&#8230;<\/p>\n","protected":false},"author":2,"featured_media":0,"parent":0,"menu_order":0,"comment_status":"closed","ping_status":"closed","template":"","meta":{"_kad_post_transparent":"default","_kad_post_title":"default","_kad_post_layout":"default","_kad_post_sidebar_id":"","_kad_post_content_style":"default","_kad_post_vertical_padding":"default","_kad_post_feature":"","_kad_post_feature_position":"","_kad_post_header":false,"_kad_post_footer":false,"_kad_post_classname":"","_joinchat":[],"footnotes":""},"class_list":["post-104","page","type-page","status-publish","hentry"],"jetpack_sharing_enabled":true,"_links":{"self":[{"href":"https:\/\/megapublicidad.net.pe\/3.0\/wp-json\/wp\/v2\/pages\/104","targetHints":{"allow":["GET"]}}],"collection":[{"href":"https:\/\/megapublicidad.net.pe\/3.0\/wp-json\/wp\/v2\/pages"}],"about":[{"href":"https:\/\/megapublicidad.net.pe\/3.0\/wp-json\/wp\/v2\/types\/page"}],"author":[{"embeddable":true,"href":"https:\/\/megapublicidad.net.pe\/3.0\/wp-json\/wp\/v2\/users\/2"}],"replies":[{"embeddable":true,"href":"https:\/\/megapublicidad.net.pe\/3.0\/wp-json\/wp\/v2\/comments?post=104"}],"version-history":[{"count":4,"href":"https:\/\/megapublicidad.net.pe\/3.0\/wp-json\/wp\/v2\/pages\/104\/revisions"}],"predecessor-version":[{"id":3012,"href":"https:\/\/megapublicidad.net.pe\/3.0\/wp-json\/wp\/v2\/pages\/104\/revisions\/3012"}],"wp:attachment":[{"href":"https:\/\/megapublicidad.net.pe\/3.0\/wp-json\/wp\/v2\/media?parent=104"}],"curies":[{"name":"wp","href":"https:\/\/api.w.org\/{rel}","templated":true}]}}