{"id":1470,"date":"2023-08-14T15:32:53","date_gmt":"2023-08-14T15:32:53","guid":{"rendered":"https:\/\/megapublicidad.net\/3.0\/?post_type=product&#038;p=1470"},"modified":"2023-09-15T20:14:21","modified_gmt":"2023-09-15T20:14:21","slug":"hosting-web-1gb","status":"publish","type":"product","link":"https:\/\/megapublicidad.net.pe\/3.0\/producto\/hosting-web-1gb\/","title":{"rendered":"HOSTING WEB 1GB"},"content":{"rendered":"<p>En Mega Publicidad sabemos lo que necesitas para alojar tu web, por ello te ofrecemos los m\u00e1s completos y competitivos planes de hosting junto con nuestro capacitado soporte t\u00e9cnico las 24 horas del d\u00eda, los 365 d\u00edas del a\u00f1o.<\/p>\n<p>Puedes confiar en nosotros el hospedaje de cualquier tipo de proyectos como p\u00e1ginas personales, corporativas, blogs, tiendas virtuales, formularios de pagos, CMS Woedpress, entre otros.<\/p>\n<p>Con servidores de alta tecnolog\u00eda distribuidos en m\u00faltiples DataCenters en Estados Unidos, garantizamos la estabilidad y uptime de los sitios alojados con nosotros.<\/p>\n<h1 class=\"titles\">Nuestros Planes Incluyen<\/h1>\n<div class=\"row-fluid\">\n<div class=\"row-fluid\">\n<div class=\"span4\">\n<div class=\" item_feature border_right\">\n<div class=\"row-fluid head_feature\">\n<div class=\"span10\">\n<h4>Constructor de P\u00e1ginas Web<\/h4>\n<\/div>\n<\/div>\n<\/div>\n<\/div>\n<div class=\"span4\">\n<div class=\" item_feature border_right\">\n<div class=\"row-fluid head_feature\">\n<div class=\"span10\">\n<h4>Soporte T\u00e9cnico 24\/7<\/h4>\n<h6>atenci\u00f3n r\u00e1pida y efectiva<\/h6>\n<\/div>\n<\/div>\n<\/div>\n<\/div>\n<div class=\"span4\">\n<div class=\" item_feature\">\n<div class=\"row-fluid head_feature\">\n<div class=\"span10\">\n<h4>Compatible con Joomla y WordPress<\/h4>\n<h6>entre muchos otros scripts<\/h6>\n<\/div>\n<\/div>\n<\/div>\n<\/div>\n<\/div>\n<div class=\"row-fluid\">\n<div class=\"span4\">\n<div class=\" item_feature border_right\">\n<div class=\"row-fluid head_feature\">\n<div class=\"span10\">\n<h4>M\u00faltiples Versiones PHP<\/h4>\n<h6>Puedes elegir entre 5.2 &#8211; 5.3 &#8211; 5.4 &#8211; 5.5 &#8211; 5.6 &#8211; 7.0 &#8211; 7.1 &#8211; 7.4<\/h6>\n<\/div>\n<\/div>\n<\/div>\n<\/div>\n<div class=\"span4\">\n<div class=\" item_feature border_right\">\n<div class=\"row-fluid head_feature\">\n<div class=\"span10\">\n<h4>Instalador de Aplicaciones<\/h4>\n<h6>joomla, wordpress, prestashop, magento, entre otros<\/h6>\n<\/div>\n<\/div>\n<\/div>\n<\/div>\n<div class=\"span4\">\n<div class=\" item_feature\">\n<div class=\"row-fluid head_feature\">\n<div class=\"span10\">\n<h4>Panel de control cPanel<\/h4>\n<h6>actualizado y totalmente en espa\u00f1ol<\/h6>\n<\/div>\n<\/div>\n<\/div>\n<\/div>\n<\/div>\n<div class=\"row-fluid\">\n<div class=\"span4\">\n<div class=\" item_feature border_right\">\n<div class=\"row-fluid head_feature\">\n<div class=\"span10\">\n<h4>Webmail, POP3 e IMAP<\/h4>\n<h6>gestiona tus cuentas f\u00e1cilmente<\/h6>\n<\/div>\n<\/div>\n<\/div>\n<\/div>\n<div class=\"span4\">\n<div class=\" item_feature border_right\">\n<div class=\"row-fluid head_feature\">\n<div class=\"span10\">\n<h4>MySQL, FTP, CGI-Bin<\/h4>\n<h6>cronjobs, hotlink, editor zonas DNS<\/h6>\n<\/div>\n<\/div>\n<\/div>\n<\/div>\n<div class=\"span4\">\n<div class=\" item_feature\">\n<div class=\"row-fluid head_feature\">\n<div class=\"span10\">\n<h4>Estad\u00edsticas Web<\/h4>\n<h6>awstats y webalizer<\/h6>\n<\/div>\n<\/div>\n<\/div>\n<\/div>\n<\/div>\n<\/div>\n<p>&nbsp;<\/p>\n","protected":false},"excerpt":{"rendered":"<p>En Mega Publicidad sabemos lo que necesitas para alojar tu web, por ello te ofrecemos los m\u00e1s completos y competitivos planes de hosting junto con nuestro capacitado soporte t\u00e9cnico las 24 horas del d\u00eda, los 365 d\u00edas del a\u00f1o. Puedes confiar en nosotros el hospedaje de cualquier tipo de proyectos como p\u00e1ginas personales, corporativas, blogs,&#8230;<\/p>\n","protected":false},"featured_media":1377,"comment_status":"open","ping_status":"closed","template":"","meta":{"_kad_post_transparent":"default","_kad_post_title":"","_kad_post_layout":"default","_kad_post_sidebar_id":"","_kad_post_content_style":"default","_kad_post_vertical_padding":"default","_kad_post_feature":"","_kad_post_feature_position":"","_kad_post_header":false,"_kad_post_footer":false,"_kad_post_classname":"","_joinchat":[]},"product_brand":[],"product_cat":[33],"product_tag":[],"class_list":{"0":"post-1470","1":"product","2":"type-product","3":"status-publish","4":"has-post-thumbnail","6":"product_cat-hosting","8":"first","9":"instock","10":"shipping-taxable","11":"product-type-external","12":"entry","13":"content-bg","14":"loop-entry"},"jetpack_sharing_enabled":true,"_links":{"self":[{"href":"https:\/\/megapublicidad.net.pe\/3.0\/wp-json\/wp\/v2\/product\/1470","targetHints":{"allow":["GET"]}}],"collection":[{"href":"https:\/\/megapublicidad.net.pe\/3.0\/wp-json\/wp\/v2\/product"}],"about":[{"href":"https:\/\/megapublicidad.net.pe\/3.0\/wp-json\/wp\/v2\/types\/product"}],"replies":[{"embeddable":true,"href":"https:\/\/megapublicidad.net.pe\/3.0\/wp-json\/wp\/v2\/comments?post=1470"}],"version-history":[{"count":1,"href":"https:\/\/megapublicidad.net.pe\/3.0\/wp-json\/wp\/v2\/product\/1470\/revisions"}],"predecessor-version":[{"id":1471,"href":"https:\/\/megapublicidad.net.pe\/3.0\/wp-json\/wp\/v2\/product\/1470\/revisions\/1471"}],"wp:featuredmedia":[{"embeddable":true,"href":"https:\/\/megapublicidad.net.pe\/3.0\/wp-json\/wp\/v2\/media\/1377"}],"wp:attachment":[{"href":"https:\/\/megapublicidad.net.pe\/3.0\/wp-json\/wp\/v2\/media?parent=1470"}],"wp:term":[{"taxonomy":"product_brand","embeddable":true,"href":"https:\/\/megapublicidad.net.pe\/3.0\/wp-json\/wp\/v2\/product_brand?post=1470"},{"taxonomy":"product_cat","embeddable":true,"href":"https:\/\/megapublicidad.net.pe\/3.0\/wp-json\/wp\/v2\/product_cat?post=1470"},{"taxonomy":"product_tag","embeddable":true,"href":"https:\/\/megapublicidad.net.pe\/3.0\/wp-json\/wp\/v2\/product_tag?post=1470"}],"curies":[{"name":"wp","href":"https:\/\/api.w.org\/{rel}","templated":true}]}}